et n(a) = -17*a + 36. Let b(z) = 358*z + 2515. Let w be b(-7). Calculate n(w).
-117
Let g(a) be the first derivative of -29*a**2/2 + 159*a + 714. Determine g(5).
14
Let l(x) be the first derivative of x**4/4 - 11*x**3/3 - 5*x**2/2 + 9*x + 46. Let a(w) = -2*w**3 + 2*w**2 - w - 1. Let f(n) = a(n) + l(n). Calculate f(-8).
-8
Let d(y) = 4*y + 1. Let z be 490/119 + (-20)/170. Suppose 0 = z*h - 7 + 19. Give d(h).
-11
Suppose 36*m + 727 = 619. Let r(j) = -j**3 - j. Let x(w) = 3*w**3 - 6*w**2 - 5*w - 3. Let g(u) = 4*r(u) + x(u). Determine g(m).
-3
Suppose 5*b + 2*l - 25 = -10, 5*l = 3*b + 22. Let m(u) = -u - 17*u**2 + u**3 + b + 3 + 19*u**2. Let r be (-3)/(-7) + (-72)/21. Calculate m(r).
-2
Let n be 7/(-28)*(-116)/(-9) + 6/27. Let j(k) = -k**3 - 6*k**2 - 9*k + 2. Give j(n).
2
Let i(b) = -4*b + 2. Suppose 4*f - 3*s = 2*f - 15, -25 = -2*f - 5*s. Suppose -7*u + f*u = -14. Suppose 9*h = -29 + u. What is i(h)?
14
Let m(l) = -86*l**2 + 582 + 87*l**2 - 667 + 30*l. Determine m(-33).
14
Suppose -v = -g + 4, 2*v + 3*v - 10 = -5*g. Let u(i) = -363029 - 2*i - 363026 + i**2 + 726051. Calculate u(g).
-1
Let c(i) = 25*i - 8. Let x(q) = -82*q + 26. Let w(n) = -10*c(n) - 3*x(n). Calculate w(2).
-6
Let i(j) = j**2 - 18*j + 95. Let y = 13488 + -13478. What is i(y)?
15
Let v(g) be the second derivative of g**5/10 - g**4/3 - g**2 - 2*g + 41. Give v(3).
16
Let s(a) be the third derivative of -a**5/30 + 5*a**4/12 + 11*a**3/6 + 2*a**2 - 662. Give s(5).
11
Suppose -3*t = 22 - 1. Let u(z) be the first derivative of -9/2*z**2 - 1/3*z**3 - 7*z - 7. Determine u(t).
7
Suppose 5*h + 2*k = 182, k - 183 = -5*h - 2*k. Suppose 5*c - 14*c + h = 0. Let r(x) = 2*x**3 - 5*x**2 - 2*x - 3. Determine r(c).
37
Suppose 2 = 2*u - u. Let l(r) = -8*r**2 + 3*r - 7. Let y(i) = 5*i**2 - 2*i + 5. Let b(c) = -5*l(c) - 7*y(c). Calculate b(u).
18
Let m = 16 - 76. Let s = 59 + m. Let x be 45/(-9) + 3/(s/1). Let c(u) = u**2 + 9*u - 1. What is c(x)?
-9
Suppose 0 = 6*k - 3*k - 18. Let c be 3 - 3*(2 - 3). Let t(m) = -147 - 152 - m**3 - 2*m + c*m**2 + 303. What is t(k)?
-8
Let q be (-36)/(-18) + (28/56 - (-7)/2). Let h(a) = a**3 - 6*a**2 + 16*a - 40. What is h(q)?
56
Let a(g) = g**3 - 5*g + 5. Let n be a(3). Let z = -3 + n. Suppose z = 4*i + p, 2*p + 11 = i + 4*i. Let b(x) = -5*x + 4. What is b(i)?
-11
Let s(u) be the first derivative of -u**4/4 - 4*u**3 + 5*u**2 - 27*u + 7803. What is s(-13)?
12
Let b(d) = -d**3 + 4*d**2 + 6*d - 5. Let c(f) = -4*f**2 + 23*f + 14. Let u be c(6). Suppose -5*n = -9*n + u. Suppose -7 + n = -t. Give b(t).
0
Suppose 11*f - 52 = 14. Let o(w) = -6*w**2 + 4381*w**3 + 4388*w**3 - 8768*w**3. Calculate o(f).
0
Let m(i) = 7*i**3 + 8*i**2 - 4*i + 1. Let l(y) = 19*y**3 + 27*y**2 - 13*y + 3. Let p(t) = 2*l(t) - 7*m(t). Determine p(1).
-12
Let d(y) = 3*y + 1 + y + 1 - y**2 - y. Let t be 5/3 - (1/(-2))/(51/136). What is d(t)?
2
Let l(t) = t + 16*t - 13*t - 6 + 6 - 3. Calculate l(-9).
-39
Let n(l) be the second derivative of -l**4/12 - 11*l**3/6 - 2*l**2 - 8*l. Let b(k) = -7*k**3 - 28*k**2 - 2*k - 18. Let s be b(-4). Give n(s).
6
Suppose -5*p - 11 = -16. Let f be (-2)/(-9) - (4816/(-36) + p). Let a = 127 - f. Let z(t) = t**3 + 4*t**2 - 8*t + 5. Give z(a).
-19
Let p(a) = 3*a**2 + 2197*a**3 - 3 - 1104*a**3 + 2*a - 1094*a**3. Give p(4).
-11
Let d(m) = -m**3 + 31*m**2 + 186*m - 216. Let o be d(36). Let a(s) be the third derivative of -3/2*s**3 + 0 + 8*s**2 + o*s - 1/24*s**4. What is a(-7)?
-2
Let c(s) be the third derivative of -s**6/120 - s**5/5 + 5*s**4/8 - 4*s**3 + 273*s**2 + 1. Determine c(-13).
-50
Let d(l) = -19*l - 32. Let x be 9/(-5) - 29/145. Calculate d(x).
6
Let m(l) = -2*l - 228065 + 228033 + 0*l. What is m(-17)?
2
Suppose 7*d = 2*d - 15, 5*d - 15 = -3*a. Let y(s) = 2*s**2 + 13*s - 3*s**2 - 4*s - a + 21 - 5. What is y(7)?
20
Let g(x) = x**2 + 34*x + 251. Let w(o) = -2*o**2 - 66*o - 483. Let p(h) = 5*g(h) + 3*w(h). What is p(-16)?
-2
Let d(z) = -73*z - 9 - 68*z - z**2 + 137*z. Let t be 15/(-2) + 12/24. Calculate d(t).
-30
Let c(s) = s**3 - s**2 + s - 20. Suppose -5*i - 5*q = -10, 4*q = -3*i + 59 - 53. Suppose z + 9*z = i*z. What is c(z)?
-20
Let g(w) be the first derivative of w**3/3 - 4*w**2 - 12*w - 75249. Let j = -9 + 18. Determine g(j).
-3
Let r(t) = 2*t - t - 4*t**3 + 1406 - 2*t**3 + t**2 - 1407. Suppose -3 = -3*o + 3. Let z be (-5 - -3)*o/(-4). Give r(z).
-5
Suppose -6*b = 156 - 156. Suppose 3*c - 8*t = -10*t + 7, b = -5*c - 4*t + 9. Let q(g) = g**3 - 6*g**2 + 3*g - 1. What is q(c)?
-11
Let o(f) = f**2 - 10*f + 18. Suppose 90 = -0*k - 3*k. Let t = 38 + k. Let c be o(t). Let g(m) = 4*m**2 - 2*m + 1. Give g(c).
13
Suppose 0 = -3*r - 12, 4*b + b + r = 26. Let c(k) = 28*k**3 - b*k**2 - 10*k**3 - 19*k**3 + 2 + 2*k. What is c(-6)?
-10
Let m(s) = -s + 1. Let a(c) = c**2 + 6*c - 3. Suppose -2*b = -2*x - 0*b - 2, 5*x = 3*b + 5. Let j be (-25)/x + ((-4)/16)/(-1). Let t be a(j). Calculate m(t).
4
Suppose -7 - 2 = 3*s. Let z(p) be the third derivative of p**4/6 + p**3/3 + 3790*p**2. Determine z(s).
-10
Let v(h) = -36*h - 89. Let r(x) = -3*x - 15. Let u(j) = -7*j - 44. Let o(i) = -7*r(i) + 2*u(i). Let q(d) = -11*o(d) - 2*v(d). Give q(-4).
11
Suppose -5*g = -2*h - 26 + 15, 5*g = -h + 2. Let o(z) = -17*z - 1 + z**3 + 16*z - 1 + 0 + 2*z**2. Calculate o(h).
-8
Let q(p) = p**2 + 1. Let f be q(3). Let k = 11 - f. Let b(g) = 3*g + 3. Let v(s) = 3*s + 4. Let z(i) = -4*b(i) + 3*v(i). What is z(k)?
-3
Let n(b) = 18*b**3 - 42*b**2 - 43*b - 78. Let w(h) = 7*h**3 - 14*h**2 - 14*h - 26. Let y(t) = -3*n(t) + 8*w(t). Give y(-6).
-4
Suppose -527*i = -528*i - 5*o + 44, 4*o = 5*i - 336. Let p(x) = -x + 65. Determine p(i).
1
Suppose 5*p + 9 = 2*w - 0, -2*p + 6 = -2*w. Let i(u) be the second derivative of -u**3/2 + 187*u - 3. Determine i(w).
24
Let f(v) = v**2 - 16*v - 2. Let m(l) = -3*l**2 + 13*l - 34. Let n(r) = 2*f(r) + m(r). What is n(-16)?
10
Suppose 5 = s + 3. Let b(z) = z**3 - 2*z**2 - 5*z + 9. Let i be b(s). Let y(h) = -4*h - 1. Give y(i).
3
Let n(j) = 2 - 2 + 11*j. Suppose 2*k = -5*y + 53 - 47, 2*y = 5*k + 14. Give n(k).
-22
Let j = 1001 + -1009. Let l(i) = i**2 + 6*i + 19. Determine l(j).
35
Suppose -2*n - 2*r + 26 = 3*n, 22 = 3*n - 2*r. Let f(m) be the first derivative of -m**3/3 + 4*m**2 - 4*m + 300. Calculate f(n).
8
Let p be -4 + (-35)/(-7) - 1*(2 - 1). Let r(m) be the second derivative of -1/12*m**4 + p - 8*m + 1/2*m**2 - 7/6*m**3. Give r(-5).
11
Let r be (-464)/(-228) + 126/(-3591). Let t(n) be the second derivative of 0 + 1/3*n**4 - 1/10*n**5 + n**2 - 2/3*n**3 - n. Calculate t(r).
-6
Let l(g) = -2*g**2 - 39*g + 47. Let j be l(-20). Let d(q) = 58 - 32 + 3*q - j. Calculate d(1).
2
Let x(i) = -27*i - 68. Let z(j) = -16*j - 34. Let s(l) = 3*x(l) - 5*z(l). Determine s(-21).
-13
Let x(s) be the first derivative of 0*s**2 + 4*s - 83 + 1/3*s**3 + 1/4*s**4. Suppose f - 3*f = 0. Calculate x(f).
4
Suppose -s + 46 = -4*x, -31*s + 97 = -33*s - 13*x. Let b(z) = z**3 - 10*z**2 + 14*z - 44. Determine b(s).
96
Suppose -23*x + 26*x = -105. Let u be (-8)/(-7) - (-5)/x. Let c be -1 + 0 - (u - 12/(-4)). Let d(v) = 3*v + 5. What is d(c)?
-10
Let o(v) = -v**3 + 29*v**2 + 29*v + 31. Suppose 87 = 5*p + 5*n - 58, -1 = n. Determine o(p).
1
Let u(v) = v**3 + 4*v**2 - 2*v - 2. Suppose -3*c + 2 = -4. Suppose 0 = -3*w + 12, -2*b - 14 = -5*w + c. Suppose 1 + 9 = -b*n. Give u(n).
-17
Let l(r) = 4*r. Let q(c) = 5*c. Let f(v) = -v + 10. Let s be 36/8 - -1*(-2)/(-4). Let w be f(s). Let m(h) = w*q(h) - 6*l(h). Determine m(0).
0
Let h(c) = -c**2 + 15*c + 4. Let b(o) = o**2 - 15*o - 4. Let a(v) = 4*b(v) + 3*h(v). Give a(16).
12
Suppose -8*c = 3*x - 3*c - 43, -23 = -3*x - c. Let z(s) = -6 + 8*s**2 - 2*s**2 + x*s - 7*s**2. What is z(4)?
2
Let n(y) = -y**3 + 15*y**2 - 49*y - 3. Suppose -55*p + 218 = -332. Determine n(p).
7
Let i(t) = 156244*t**2 - 312400*t**2 + 156178*t**2. Let j = 0 - 1. Calculate i(j).
22
Let r(y) = -9 + y**3 - 5895*y - y**2 - 5921*y + 11821*y. Determine r(3).
24
Let k(a) = 30*a**2 + a + 9. Let q be k(-4). Let h = q + -473. Let d(t) = -t**2 + 13*t - 6. Determine d(h).
6
Let k(q) be the second derivative of -q**3 + 4*q**2 - 618*q. Determine k(2).
-4
Suppose 0 = 86*w - 92*w. Suppose w = 31*u + 12*u - 172. Let q(i) = -i + 3. What is q(u)?
-1
Suppose 47*q = 45*q - 4*m + 36, 0 = 3*q + 3*m - 36. Let v(b) = -b**2 + 0*b**2 